{"id":12,"date":"2025-07-02T17:25:14","date_gmt":"2025-07-02T17:25:14","guid":{"rendered":"https:\/\/psbdom.pl\/?page_id=12"},"modified":"2025-07-17T14:31:43","modified_gmt":"2025-07-17T14:31:43","slug":"sklepy","status":"publish","type":"page","link":"https:\/\/psbdom.pl\/","title":{"rendered":"Sklepy"},"content":{"rendered":"\n<div class=\"wp-block-columns is-layout-flex wp-container-core-columns-is-layout-28f84493 wp-block-columns-is-layout-flex\">\n<div class=\"wp-block-column is-layout-flow wp-block-column-is-layout-flow\">\n<h1 class=\"wp-block-heading\"><strong>Mr\u00f3wka Nidzica<\/strong><\/h1>\n\n\n\n<h3 class=\"wp-block-heading\">kontakt@mrowkanidzica.pl<\/h3>\n\n\n\n<h3 class=\"wp-block-heading\">+48 89 300 02 77<\/h3>\n\n\n\n<h3 class=\"wp-block-heading\"><a href=\"https:\/\/mrowka.com.pl\/sklep-psb-mrowka-produkty\/psb-mrowka-nidzica\/produkty?Action=ProductList&amp;_Feature=Available\" target=\"_blank\" rel=\"noreferrer noopener\"><strong>Oferta sklepu<\/strong><\/a><\/h3>\n\n\n\n<iframe loading=\"lazy\" src=\"https:\/\/www.facebook.com\/plugins\/page.php?href=https%3A%2F%2Fwww.facebook.com%2Fmrowkanidzica&#038;tabs&#038;width=340&#038;height=70&#038;small_header=true&#038;adapt_container_width=true&#038;hide_cover=false&#038;show_facepile=true&#038;appId\" width=\"340\" height=\"70\" style=\"border:none;overflow:hidden\" scrolling=\"no\" frameborder=\"0\" allowfullscreen=\"true\" allow=\"autoplay; clipboard-write; encrypted-media; picture-in-picture; web-share\"><\/iframe>\n<\/div>\n\n\n\n<div class=\"wp-block-column is-layout-flow wp-block-column-is-layout-flow\">\n<iframe src=\"https:\/\/www.google.com\/maps\/embed?pb=!1m18!1m12!1m3!1d152680.25824333416!2d20.177681146524268!3d53.2782661184544!2m3!1f0!2f0!3f0!3m2!1i1024!2i768!4f13.1!3m3!1m2!1s0x471dbde5e91c0aad%3A0x946608020609c6a6!2sPSB%20Mr%C3%B3wka%20DOM!5e0!3m2!1spl!2spl!4v1751477102789!5m2!1spl!2spl\" width=\"600\" height=\"450\" style=\"border:0;\" allowfullscreen=\"\" loading=\"lazy\" referrerpolicy=\"no-referrer-when-downgrade\"><\/iframe>\n<\/div>\n<\/div>\n\n\n\n<div class=\"wp-block-columns is-layout-flex wp-container-core-columns-is-layout-28f84493 wp-block-columns-is-layout-flex\">\n<div class=\"wp-block-column is-layout-flow wp-block-column-is-layout-flow\">\n<h1 class=\"wp-block-heading\"><strong>Mr\u00f3wka Dzia\u0142dowo<\/strong><\/h1>\n\n\n\n<h3 class=\"wp-block-heading\">kontakt@mrowkadzialdowo.pl<\/h3>\n\n\n\n<h3 class=\"wp-block-heading\">+48 23 654 10 13<\/h3>\n\n\n\n<h3 class=\"wp-block-heading\"><a href=\"https:\/\/mrowka.com.pl\/sklep-psb-mrowka-produkty\/psb-mrowka-dzialdowo\/produkty?Action=ProductList&amp;_Feature=Available\" target=\"_blank\" rel=\"noreferrer noopener\"><strong>Oferta sklepu<\/strong><\/a><\/h3>\n\n\n\n<iframe loading=\"lazy\" src=\"https:\/\/www.facebook.com\/plugins\/page.php?href=https%3A%2F%2Fwww.facebook.com%2Fmrowka.dzialdowo&#038;tabs&#038;width=340&#038;height=70&#038;small_header=true&#038;adapt_container_width=true&#038;hide_cover=false&#038;show_facepile=true&#038;appId\" width=\"340\" height=\"70\" style=\"border:none;overflow:hidden\" scrolling=\"no\" frameborder=\"0\" allowfullscreen=\"true\" allow=\"autoplay; clipboard-write; encrypted-media; picture-in-picture; web-share\"><\/iframe>\n<\/div>\n\n\n\n<div class=\"wp-block-column is-layout-flow wp-block-column-is-layout-flow\">\n<iframe src=\"https:\/\/www.google.com\/maps\/embed?pb=!1m18!1m12!1m3!1d152680.25824333416!2d20.177681146524268!3d53.2782661184544!2m3!1f0!2f0!3f0!3m2!1i1024!2i768!4f13.1!3m3!1m2!1s0x471da540538855e7%3A0x16653a11aeb266e!2sPSB%20Mr%C3%B3wka%20DOM!5e0!3m2!1spl!2spl!4v1751477037197!5m2!1spl!2spl\" width=\"600\" height=\"450\" style=\"border:0;\" allowfullscreen=\"\" loading=\"lazy\" referrerpolicy=\"no-referrer-when-downgrade\"><\/iframe>\n<\/div>\n<\/div>\n\n\n\n<p><\/p>\n","protected":false},"excerpt":{"rendered":"<p>Mr\u00f3wka Nidzica kontakt@mrowkanidzica.pl +48 89 300 02 77 Oferta sklepu Mr\u00f3wka Dzia\u0142dowo kontakt@mrowkadzialdowo.pl +48 23 654 10 13 Oferta sklepu<\/p>\n","protected":false},"author":1,"featured_media":0,"parent":0,"menu_order":0,"comment_status":"closed","ping_status":"closed","template":"","meta":{"footnotes":""},"class_list":["post-12","page","type-page","status-publish","hentry"],"blocksy_meta":[],"_links":{"self":[{"href":"https:\/\/psbdom.pl\/index.php\/wp-json\/wp\/v2\/pages\/12","targetHints":{"allow":["GET"]}}],"collection":[{"href":"https:\/\/psbdom.pl\/index.php\/wp-json\/wp\/v2\/pages"}],"about":[{"href":"https:\/\/psbdom.pl\/index.php\/wp-json\/wp\/v2\/types\/page"}],"author":[{"embeddable":true,"href":"https:\/\/psbdom.pl\/index.php\/wp-json\/wp\/v2\/users\/1"}],"replies":[{"embeddable":true,"href":"https:\/\/psbdom.pl\/index.php\/wp-json\/wp\/v2\/comments?post=12"}],"version-history":[{"count":36,"href":"https:\/\/psbdom.pl\/index.php\/wp-json\/wp\/v2\/pages\/12\/revisions"}],"predecessor-version":[{"id":167,"href":"https:\/\/psbdom.pl\/index.php\/wp-json\/wp\/v2\/pages\/12\/revisions\/167"}],"wp:attachment":[{"href":"https:\/\/psbdom.pl\/index.php\/wp-json\/wp\/v2\/media?parent=12"}],"curies":[{"name":"wp","href":"https:\/\/api.w.org\/{rel}","templated":true}]}}