{"id":179,"date":"2025-09-04T21:30:18","date_gmt":"2025-09-04T21:30:18","guid":{"rendered":"https:\/\/psbdom.pl\/?page_id=179"},"modified":"2025-09-04T22:25:38","modified_gmt":"2025-09-04T22:25:38","slug":"start","status":"publish","type":"page","link":"https:\/\/psbdom.pl\/index.php\/start\/","title":{"rendered":"Start"},"content":{"rendered":"<section class=\"dom-section\">\n<h2 class=\"text-center\">Nasze sklepy<\/h2>\n<div class=\"dom-kafelki cols-2\">\n<p><!-- Mr\u00f3wka Nidzica --><\/p>\n<div class=\"dom-kafelek\">\n<h3>Mr\u00f3wka Nidzica<\/h3>\n<p>\ud83d\udccd ul. Przyk\u0142adowa 1, Nidzica<\/p>\n<p>\ud83d\udcde <a href=\"tel:+48893000277\">89 300 02 77<\/a><\/p>\n<p>\ud83d\udce7 <a href=\"mailto:kontakt@mrowkanidzica.pl\">kontakt@mrowkanidzica.pl<\/a><\/p>\n<p><a href=\"https:\/\/mrowka.com.pl\/sklep\/nidzica\" class=\"dom-cta\" target=\"_blank\">Zobacz ofert\u0119<\/a><\/p>\n<p><a href=\"https:\/\/goo.gl\/maps\/EXAMPLE1\" target=\"_blank\">\ud83d\uddfa\ufe0f Jak dojecha\u0107?<\/a><\/p>\n<p><a href=\"mailto:rekrutacja@psbdom.pl\">\ud83d\udce8 Wy\u015blij CV<\/a><\/p>\n<p><a href=\"https:\/\/www.facebook.com\/mrowkanidzica\" target=\"_blank\">\ud83d\udc4d Facebook<\/a><\/p>\n<div class=\"mapa-responsive\">\n<iframe src=\"https:\/\/www.google.com\/maps\/embed?pb=!1m18!1m12!1m3!1d152680.25824333416!2d20.177681146524268!3d53.2782661184544!2m3!1f0!2f0!3f0!3m2!1i1024!2i768!4f13.1!3m3!1m2!1s0x471dbde5e91c0aad%3A0x946608020609c6a6!2sPSB%20Mr%C3%B3wka%20DOM!5e0!3m2!1spl!2spl!4v1751477102789!5m2!1spl!2spl\" loading=\"lazy\"><\/iframe>\n<\/div>\n<\/div>\n<p><!-- Mr\u00f3wka Dzia\u0142dowo --><\/p>\n<div class=\"dom-kafelek\">\n<h3>Mr\u00f3wka Dzia\u0142dowo<\/h3>\n<p>\ud83d\udccd ul. Przyk\u0142adowa 2, Dzia\u0142dowo<\/p>\n<p>\ud83d\udcde <a href=\"tel:+48236541013\">23 654 10 13<\/a><\/p>\n<p>\ud83d\udce7 <a href=\"mailto:kontakt@mrowkadzialdowo.pl\">kontakt@mrowkadzialdowo.pl<\/a><\/p>\n<p><a href=\"https:\/\/mrowka.com.pl\/sklep\/dzialdowo\" class=\"dom-cta\" target=\"_blank\">Zobacz ofert\u0119<\/a><\/p>\n<p><a href=\"https:\/\/goo.gl\/maps\/EXAMPLE2\" target=\"_blank\">\ud83d\uddfa\ufe0f Jak dojecha\u0107?<\/a><\/p>\n<p><a href=\"mailto:rekrutacja@psbdom.pl\">\ud83d\udce8 Wy\u015blij CV<\/a><\/p>\n<p><a href=\"https:\/\/www.facebook.com\/mrowkadzialdowo\" target=\"_blank\">\ud83d\udc4d Facebook<\/a><\/p>\n<div class=\"mapa-responsive\">\n<iframe src=\"https:\/\/www.google.com\/maps\/embed?pb=!1m18!1m12!1m3!1d152680.25824333416!2d20.177681146524268!3d53.2782661184544!2m3!1f0!2f0!3f0!3m2!1i1024!2i768!4f13.1!3m3!1m2!1s0x471da540538855e7%3A0x16653a11aeb266e!2sPSB%20Mr%C3%B3wka%20DOM!5e0!3m2!1spl!2spl!4v1751477037197!5m2!1spl!2spl\" loading=\"lazy\"><\/iframe>\n<\/div>\n<\/div>\n<\/div>\n<\/section>\n<section class=\"dom-section\">\n<h2 class=\"text-center\">Nasze sklepy<\/h2>\n<div class=\"dom-kafelki cols-2\">\n<p>    <!-- Mr\u00f3wka Nidzica --><\/p>\n<div class=\"dom-kafelek\">\n<h3>Mr\u00f3wka Nidzica<\/h3>\n<p>\ud83d\udccd ul. Przyk\u0142adowa 1, Nidzica<\/p>\n<p>\ud83d\udcde <a href=\"tel:+48893000277\">89 300 02 77<\/a><\/p>\n<p>\ud83d\udce7 <a href=\"mailto:kontakt@mrowkanidzica.pl\">kontakt@mrowkanidzica.pl<\/a><\/p>\n<p>\ud83d\uded2 <a href=\"https:\/\/mrowka.com.pl\/sklep\/nidzica\" target=\"_blank\">Zobacz ofert\u0119 online<\/a><\/p>\n<p>\ud83d\uddfa\ufe0f <a href=\"https:\/\/goo.gl\/maps\/EXAMPLE1\" target=\"_blank\">Jak dojecha\u0107?<\/a><\/p>\n<p>\ud83d\udce8 <a href=\"mailto:rekrutacja@psbdom.pl\">Wy\u015blij CV<\/a><\/p>\n<p>\ud83d\udc4d <a href=\"https:\/\/www.facebook.com\/mrowkanidzica\" target=\"_blank\">Facebook<\/a><\/p>\n<\/p><\/div>\n<p>    <!-- Mr\u00f3wka Dzia\u0142dowo --><\/p>\n<div class=\"dom-kafelek\">\n<h3>Mr\u00f3wka Dzia\u0142dowo<\/h3>\n<p>\ud83d\udccd ul. Przyk\u0142adowa 2, Dzia\u0142dowo<\/p>\n<p>\ud83d\udcde <a href=\"tel:+48236541013\">23 654 10 13<\/a><\/p>\n<p>\ud83d\udce7 <a href=\"mailto:kontakt@mrowkadzialdowo.pl\">kontakt@mrowkadzialdowo.pl<\/a><\/p>\n<p>\ud83d\uded2 <a href=\"https:\/\/mrowka.com.pl\/sklep\/dzialdowo\" target=\"_blank\">Zobacz ofert\u0119 online<\/a><\/p>\n<p>\ud83d\uddfa\ufe0f <a href=\"https:\/\/goo.gl\/maps\/EXAMPLE2\" target=\"_blank\">Jak dojecha\u0107?<\/a><\/p>\n<p>\ud83d\udce8 <a href=\"mailto:rekrutacja@psbdom.pl\">Wy\u015blij CV<\/a><\/p>\n<p>\ud83d\udc4d <a href=\"https:\/\/www.facebook.com\/mrowkadzialdowo\" target=\"_blank\">Facebook<\/a><\/p>\n<\/p><\/div>\n<\/p><\/div>\n<\/section>\n<p><!-- SEKCJA: DLA KOGO JESTE\u015aMY --><\/p>\n<section class=\"dom-section\">\n<h2 class=\"text-center\">Dla kogo jeste\u015bmy?<\/h2>\n<div class=\"dom-kafelki cols-3\">\n<div class=\"dom-kafelek\">\n      <img decoding=\"async\" src=\"\/images\/zosia.jpg\" alt=\"Zosia Samosia\"><\/p>\n<h3>Zosia Samosia<\/h3>\n<p>Potrzebujesz czego\u015b na ju\u017c? Znajdziesz to u nas \u2013 od gwo\u017adzi po doniczki!<\/p>\n<p>      <a href=\"#\" class=\"dom-cta\">Zobacz ofert\u0119 Mr\u00f3wki<\/a>\n    <\/div>\n<div class=\"dom-kafelek\">\n      <img decoding=\"async\" src=\"\/images\/piotr.jpg\" alt=\"Piotr Bohater Domu\"><\/p>\n<h3>Piotr Bohater Domu<\/h3>\n<p>Remontujesz \u0142azienk\u0119 albo pod\u0142ogi? Sprawd\u017a nasz salon wn\u0119trz.<\/p>\n<p>      <a href=\"#\" class=\"dom-cta\">Odwied\u017a Salon<\/a>\n    <\/div>\n<div class=\"dom-kafelek\">\n      <img decoding=\"async\" src=\"\/images\/wykonawca.jpg\" alt=\"Wykonawca\"><\/p>\n<h3>Wykonawca<\/h3>\n<p>Szukasz konkret\u00f3w, szybkiego za\u0142adunku i dobrej ceny? Zapraszamy do Profi Point.<\/p>\n<p>      <a href=\"#\" class=\"dom-cta\">Dla profesjonalist\u00f3w<\/a>\n    <\/div>\n<\/p><\/div>\n<\/section>\n<p><!-- SEKCJA: NASZE SKLEPY --><\/p>\n<section class=\"dom-section\">\n<h2 class=\"text-center\">Nasze sklepy<\/h2>\n<div class=\"dom-kafelki cols-2\">\n<div class=\"dom-kafelek\">\n<h3>Mr\u00f3wka Nidzica<\/h3>\n<p>\ud83d\udccd ul. Przyk\u0142adowa 1, Nidzica<\/p>\n<p>\ud83d\udcde 89 300 02 77<\/p>\n<p>\ud83d\udce7 kontakt@mrowkanidzica.pl<\/p>\n<p>      <a href=\"https:\/\/mrowka.com.pl\/sklep\/nidzica\" class=\"dom-cta\" target=\"_blank\">Zobacz ofert\u0119<\/a>\n    <\/div>\n<div class=\"dom-kafelek\">\n<h3>Mr\u00f3wka Dzia\u0142dowo<\/h3>\n<p>\ud83d\udccd ul. Przyk\u0142adowa 2, Dzia\u0142dowo<\/p>\n<p>\ud83d\udcde 23 654 10 13<\/p>\n<p>\ud83d\udce7 kontakt@mrowkadzialdowo.pl<\/p>\n<p>      <a href=\"https:\/\/mrowka.com.pl\/sklep\/dzialdowo\" class=\"dom-cta\" target=\"_blank\">Zobacz ofert\u0119<\/a>\n    <\/div>\n<\/p><\/div>\n<\/section>\n<p><!-- SEKCJA: CTA DO GAZETKI \/ MAPY \/ KONTAKTU --><\/p>\n<section class=\"dom-section\">\n<h2 class=\"text-center\">Znajd\u017a nas i skontaktuj si\u0119<\/h2>\n<div class=\"dom-kafelki cols-3\">\n<div class=\"dom-kafelek\">\n<h3>\ud83d\uddfa\ufe0f Jak dojecha\u0107?<\/h3>\n<p>Kliknij poni\u017cej, aby otworzy\u0107 nasz\u0105 lokalizacj\u0119 w Google Maps.<\/p>\n<p>      <a href=\"https:\/\/goo.gl\/maps\/example\" class=\"dom-cta\" target=\"_blank\">Zobacz w Mapach<\/a>\n    <\/div>\n<div class=\"dom-kafelek\">\n<h3>\ud83d\udce8 Rekrutacja<\/h3>\n<p>Chcesz do\u0142\u0105czy\u0107 do naszego zespo\u0142u? Wy\u015blij nam swoje CV e-mailem.<\/p>\n<p>      <a href=\"mailto:rekrutacja@psbdom.pl\" class=\"dom-cta\">Aplikuj teraz<\/a>\n    <\/div>\n<div class=\"dom-kafelek\">\n<h3>\ud83d\udcf0 Promocje<\/h3>\n<p>Zobacz aktualn\u0105 gazetk\u0119 promocyjn\u0105 \u2013 dost\u0119pna online.<\/p>\n<p>      <a href=\"\/promocje\" class=\"dom-cta\">Przejd\u017a do promocji<\/a>\n    <\/div>\n<\/p><\/div>\n<\/section>\n","protected":false},"excerpt":{"rendered":"<p>Nasze sklepy Mr\u00f3wka Nidzica \ud83d\udccd ul. Przyk\u0142adowa 1, Nidzica \ud83d\udcde 89 300 02 77 \ud83d\udce7 kontakt@mrowkanidzica.pl Zobacz ofert\u0119 \ud83d\uddfa\ufe0f Jak dojecha\u0107? \ud83d\udce8 Wy\u015blij CV \ud83d\udc4d Facebook Mr\u00f3wka Dzia\u0142dowo \ud83d\udccd ul. Przyk\u0142adowa 2, Dzia\u0142dowo \ud83d\udcde 23 654 10 13 \ud83d\udce7 kontakt@mrowkadzialdowo.pl Zobacz ofert\u0119 \ud83d\uddfa\ufe0f Jak dojecha\u0107? \ud83d\udce8 Wy\u015blij CV \ud83d\udc4d Facebook Nasze sklepy Mr\u00f3wka Nidzica \ud83d\udccd [&hellip;]<\/p>\n","protected":false},"author":1,"featured_media":0,"parent":0,"menu_order":0,"comment_status":"closed","ping_status":"closed","template":"","meta":{"footnotes":""},"class_list":["post-179","page","type-page","status-publish","hentry"],"blocksy_meta":[],"_links":{"self":[{"href":"https:\/\/psbdom.pl\/index.php\/wp-json\/wp\/v2\/pages\/179","targetHints":{"allow":["GET"]}}],"collection":[{"href":"https:\/\/psbdom.pl\/index.php\/wp-json\/wp\/v2\/pages"}],"about":[{"href":"https:\/\/psbdom.pl\/index.php\/wp-json\/wp\/v2\/types\/page"}],"author":[{"embeddable":true,"href":"https:\/\/psbdom.pl\/index.php\/wp-json\/wp\/v2\/users\/1"}],"replies":[{"embeddable":true,"href":"https:\/\/psbdom.pl\/index.php\/wp-json\/wp\/v2\/comments?post=179"}],"version-history":[{"count":3,"href":"https:\/\/psbdom.pl\/index.php\/wp-json\/wp\/v2\/pages\/179\/revisions"}],"predecessor-version":[{"id":193,"href":"https:\/\/psbdom.pl\/index.php\/wp-json\/wp\/v2\/pages\/179\/revisions\/193"}],"wp:attachment":[{"href":"https:\/\/psbdom.pl\/index.php\/wp-json\/wp\/v2\/media?parent=179"}],"curies":[{"name":"wp","href":"https:\/\/api.w.org\/{rel}","templated":true}]}}